{"id":419,"date":"2024-09-11T00:01:04","date_gmt":"2024-09-10T22:01:04","guid":{"rendered":"https:\/\/www.cyklo-raim.cz\/shop\/?post_type=product&#038;p=419"},"modified":"2024-10-19T13:03:54","modified_gmt":"2024-10-19T11:03:54","slug":"brzdove-desticky-shimano-l05a-rf-polymer-s-chladicem-sevisni-baleni","status":"publish","type":"product","link":"https:\/\/www.cyklo-raim.cz\/shop\/produkt\/brzdove-desticky-shimano-l05a-rf-polymer-s-chladicem-sevisni-baleni\/","title":{"rendered":"Brzdov\u00e9 desti\u010dky Shimano L05A-RF polymer s chladi\u010dem sevisn\u00ed balen\u00ed"},"content":{"rendered":"","protected":false},"excerpt":{"rendered":"<p>brzdov\u00e9 desti\u010dky ur\u010den\u00e9 pro: BR-R9170, BR-R8070, BR-R7070, BR-4770, BR-RS805, BR-RS505, BR-RS405, BR-RS305, BR-U5000, BR-RX810, BR-RX400<br \/>\u00a0<br \/>\u00a0<br \/>Ur\u010deno k odborn\u00e9mu servisu<br \/>Original SHIMANO produkt balen\u00fd v krabi\u010dce s k\u00f3dem EAN.\u00a0<\/p>\n","protected":false},"featured_media":420,"template":"","meta":{"ub_ctt_via":""},"product_brand":[],"product_cat":[72,28],"product_tag":[],"class_list":{"0":"post-419","1":"product","2":"type-product","3":"status-publish","4":"has-post-thumbnail","6":"product_cat-brzdove-desticky","7":"product_cat-brzdy","9":"first","10":"instock","11":"taxable","12":"shipping-taxable","13":"purchasable","14":"product-type-simple"},"jetpack_sharing_enabled":true,"_links":{"self":[{"href":"https:\/\/www.cyklo-raim.cz\/shop\/wp-json\/wp\/v2\/product\/419","targetHints":{"allow":["GET"]}}],"collection":[{"href":"https:\/\/www.cyklo-raim.cz\/shop\/wp-json\/wp\/v2\/product"}],"about":[{"href":"https:\/\/www.cyklo-raim.cz\/shop\/wp-json\/wp\/v2\/types\/product"}],"wp:featuredmedia":[{"embeddable":true,"href":"https:\/\/www.cyklo-raim.cz\/shop\/wp-json\/wp\/v2\/media\/420"}],"wp:attachment":[{"href":"https:\/\/www.cyklo-raim.cz\/shop\/wp-json\/wp\/v2\/media?parent=419"}],"wp:term":[{"taxonomy":"product_brand","embeddable":true,"href":"https:\/\/www.cyklo-raim.cz\/shop\/wp-json\/wp\/v2\/product_brand?post=419"},{"taxonomy":"product_cat","embeddable":true,"href":"https:\/\/www.cyklo-raim.cz\/shop\/wp-json\/wp\/v2\/product_cat?post=419"},{"taxonomy":"product_tag","embeddable":true,"href":"https:\/\/www.cyklo-raim.cz\/shop\/wp-json\/wp\/v2\/product_tag?post=419"}],"curies":[{"name":"wp","href":"https:\/\/api.w.org\/{rel}","templated":true}]}}